(-15)/9)/((-2)/12). Suppose 0 = d + d - k. Is (-18)/45 + 257/d a prime number?
False
Let w(m) = 358*m**3 + m**2 + m + 1. Let c be w(-1). Let n = -248 - c. Is n a composite number?
False
Suppose 2*y - 2*q = -y + 1633, 2680 = 5*y + 5*q. Is y a composite number?
False
Let h be 4/18 - 56/9. Is (165/h - 2)*-14 composite?
True
Let z = -613 - -4049. Let c be (-2)/(-11) - z/22. Let q = -107 - c. Is q a prime number?
False
Suppose -n + 462 = m - 450, 5*m = 2*n + 4525. Is m composite?
False
Let a(f) = 36*f**2 - 2*f + 3. Let x be a(2). Let r = x + -92. Is r a composite number?
True
Let z(d) = -d**2 + 7*d + 10. Suppose -4*t = -m + 2*m - 28, -2*t + 4*m = -14. Let l be z(t). Is (-21)/6*l/(-1) a composite number?
True
Is (-1575)/(-10) + (-1)/2 prime?
True
Let q be (-1 - 0)/((-3)/(-306)). Let m = q - -221. Is m composite?
True
Let z(n) = -n + 174. Let m be z(0). Let l = -249 - -137. Let x = l + m. Is x prime?
False
Suppose -22 = -3*f + 2*w, -2*f - 3*f + 25 = -w. Suppose -f*p + 0*p + 56 = 0. Is p a composite number?
True
Let i = 45 + -72. Is i/18*(-356)/6 a composite number?
False
Let f(t) = 97*t. Is f(1) a prime number?
True
Let o(c) = c**3 - 6*c**2 - 11*c + 9. Is o(8) a composite number?
True
Suppose 9 = 2*b + 1. Suppose -b*x = -x - 57. Is x a prime number?
True
Let f(d) = -7*d - 5. Let p = -17 + 12. Let y be f(p). Let b = 51 - y. Is b a prime number?
False
Suppose 2*g + 3243 = 5*i, -2592 = -i - 3*i + g. Is i a composite number?
False
Suppose -5*d = -3*f + 5*f - 2033, d + 2*f - 405 = 0. Is d composite?
True
Let p(g) = 2*g**2 + 5*g + 9. Let z(f) = -f - 12. Let w be z(-6). Is p(w) a prime number?
False
Let o(i) = 11*i**3 - 27*i**2 + 11*i + 11. Let g(k) = -4*k**3 + 9*k**2 - 4*k - 4. Let p(d) = 8*g(d) + 3*o(d). Is p(9) prime?
False
Let l be (0 + -3)*(-1 - -2). Is (l - -41)/2 + 0 a prime number?
True
Let t be 2/5 + 12/(-5). Is t/(6/(-99)) - 2 a prime number?
True
Let l = 16 + -30. Let n be (-10)/(-35) - (-130)/l. Is 431/3 - (-6)/n a prime number?
False
Suppose 3*h + 159 = 798. Let n = -146 + h. Is n prime?
True
Let v(q) be the second derivative of -2*q**3/3 - q. Let r be v(1). Is (34/r - -2)*-2 a composite number?
False
Suppose -2*d + 16 = 4*f, 0*d = 2*d + 5*f - 19. Let j(v) = -6*v**2 + v - d*v**3 - 5*v + v**3 - 9. Is j(-6) a composite number?
True
Let j(s) = 36*s**2 - 1. Is j(1) prime?
False
Suppose -11 = 3*n - 2. Let s(t) = -t - 1. Let u(o) = -9*o**2 + 13*o + 1. Let w(c) = n*s(c) - u(c). Is w(7) composite?
False
Suppose b + d - 191 = 461, 0 = -3*b - 2*d + 1951. Is b a composite number?
False
Let f(p) = p**2 + 4*p - 8. Let g be f(-6). Suppose -4*i + 9 = -11, g*i + 166 = -3*x. Let j = x + 153. Is j composite?
True
Suppose 4*p - 8 = 0, -3*f = p - 1484 - 441. Is f a composite number?
False
Suppose -2*u - 14 = -4*j, -8*u + 3*u = 2*j - 37. Is (j/2)/((-9)/(-12)) a prime number?
False
Let z(d) = 3 + 2*d - 2*d + 2*d + d**3 + 5*d**2. Let c = 4 + -7. Is z(c) prime?
False
Suppose 9*y - 15 = 4*y, -2*u = y + 3. Let l be u/(-2 - (-1)/1). Suppose 5*q + l*h = 529 - 122, 4*q + h = 320. Is q a composite number?
False
Let d(g) = 17*g**2 - g - 1. Let c be d(2). Let b = -2 + 4. Suppose 29 + c = b*r. Is r a composite number?
False
Suppose 2*o = -o. Suppose -5*j = -o*j - 400. Let q = j - -9. Is q composite?
False
Let g = -12 - -24. Suppose -y = -g - 25. Is y a prime number?
True
Is 8703/6*(-4)/(-6) composite?
False
Suppose 2*z = 3*z - 5. Let b(s) = 3*s + 2*s + 6 - 4*s. Is b(z) a composite number?
False
Let d(t) = t - 12. Let k be d(6). Let r be -2*(-1 - (-3)/k). Suppose -1 = -2*g + r. Is g a prime number?
True
Let d(z) = -14*z - 4. Is d(-1) prime?
False
Let q(z) be the first derivative of -z**4/4 - 3*z**3 - 3*z**2/2 - 2*z - 4. Let i(w) = -w**2 - 1. Let k(x) = -4*i(x) + q(x). Is k(-7) prime?
False
Suppose 3*s - 8*s - 10 = 0. Let b = 12 + s. Is b a composite number?
True
Let f = 226 + -121. Suppose -5 + f = z. Let a = -21 + z. Is a composite?
False
Let v = 10 + -3. Let h = -12 + v. Let l(t) = t**3 + 6*t**2 - 3*t - 7. Is l(h) prime?
False
Let n(i) = i**3 - 2*i**2 - 4*i + 3. Let r be n(3). Let c be (66 - 0) + r + 2. Let a = c + -46. Is a prime?
False
Let f(t) = -3*t**3 - t**2 - 4. Let q(y) = y. Let j(l) = f(l) - 3*q(l). Is j(-3) prime?
False
Let l(y) = y - 4. Let b be l(0). Let d = -2 - b. Is d prime?
True
Let o be 2/((-4)/(-6)*-3). Let q(n) = n**2 + 2*n + 1. Let g be q(o). Is (-159 + 1)/(-2 + g) a prime number?
True
Let f be (22/44)/(2 - (-23)/(-12)). Let o(p) = -p - 1. Let c be o(-4). Suppose -186 = -f*x + c*x. Is x composite?
True
Suppose -3*i = -19 - 20. Suppose 0 = -5*w + 2*v - 58, w + 0*v + v + i = 0. Let o = 22 + w. Is o a prime number?
False
Is 714/(3 + -2) - -3 a composite number?
True
Suppose u - 125 = -4*u. Let i be 10/u + (-18)/(-5). Is (-1)/(-2) + 50/i composite?
False
Let c be 9/(((-2)/(-18))/(4/12)). Let l(t) = -t**2 + 2*t + 3. Let a be l(4). Let z = a + c. Is z prime?
False
Let v = 780 + -517. Is v prime?
True
Let j be -9 + -4*(-2)/8. Is 2/j - (-4916)/16 a prime number?
True
Let q(i) be the second derivative of 2*i**3 - i**2/2 + 6*i. Let n = -4 - -6. Is q(n) prime?
True
Let b(o) = -9 + 5 + 3*o**2 - 2 + 5. Let h = 0 + -1. Is b(h) a prime number?
True
Suppose 179 - 1521 = -2*h. Is h prime?
False
Suppose -5*k + 2*k - 812 = -2*d, -1624 = -4*d + k. Suppose -3*f + d = -f. Is f a prime number?
False
Let k(c) = -24*c**3 - 2*c**2 - 3*c - 3. Is k(-2) a prime number?
False
Suppose m + 3*m = 8. Suppose 0 = 4*j - 2*c - 422, 0 = m*j + 3*c + 2*c - 181. Is j a composite number?
False
Is 500 + (-5)/((-5)/3) a prime number?
True
Let n = 2620 + -1392. Suppose -j = -5*j + n. Is j a composite number?
False
Let n = 4 + 0. Suppose z - n*z = -165. Is z prime?
False
Let o(f) = 370*f**3 - 2*f**2 + 7*f - 1. Is o(2) prime?
False
Is 3 + 66/9*24 composite?
False
Let u = 29 + -27. Let l be 2/(2/4*2). Suppose 3*v - u*h - 98 = -3*h, -l*v + 63 = 3*h. Is v a prime number?
False
Let b(d) = d**3 + 4*d**2 - d + 3. Let y be b(-4). Suppose -860 = 3*j - y*j. Is j a prime number?
False
Let u(h) = -313*h + 2. Let y be u(-3). Suppose -3*j = 56 - y. Is j composite?
True
Let c(u) = 2*u**3 - 6*u**2 - u - 4. Let d = 14 - 7. Let l be c(d). Suppose -l = -w - 2*w. Is w composite?
False
Is ((-95)/(-20))/((-2)/(-1192)) a prime number?
False
Let c(d) = d**2 + 2*d + 7. Is c(-6) a prime number?
True
Is 6/(-9) - ((-23685)/9 + 2) a prime number?
False
Let r = 714 - 463. Is r composite?
False
Suppose 5*c + 1114 = 7*c. Is c a composite number?
False
Let v be 1/((8/(-148))/(-2)). Let o = 68 - v. Is o a prime number?
True
Suppose t - 2 - 1 = 0. Suppose t*k + 55 = 4*k. Is k a composite number?
True
Suppose 4*f = -d + 2*f - 11, -f = -5*d. Let b = d - -8. Suppose -b*n - 378 = -3*l - 2*n, 5*n - 469 = -4*l. Is l a composite number?
True
Let s(i) = -i + 1. Let k be s(1). Suppose k = -r - 4*r + 190. Is r/(((-12)/33)/(-2)) composite?
True
Let l = 4 + -3. Let t = l + 1. Suppose -t*f = -22 - 136. Is f a composite number?
False
Is 958/(-1)*(-1)/2 prime?
True
Let x(d) = -4*d + 3*d**2 + 6 - d**2 - d**2. Is x(5) prime?
True
Let j be 0*(-3)/(-9) + -5. Let d(o) = 4*o**2 + 4*o - 3. Is d(j) a prime number?
False
Let r(i) = 27*i - 38*i - 18*i. Let h be -1 + 2 + (1 - 7). Is r(h) composite?
True
Let v(j) = j**3 + 9*j**2 + 7*j - 8. Let c(k) = -7*k**2 + k. Let t be c(-1). Let q be v(t). Suppose -x - 5 + 24 = q. Is x a composite number?
False
Let w = -3 - -4. Let n be -2 + (-43 - (-1 + w)). Let g = 10 - n. Is g a prime number?
False
Let x = -216 - 44. Let g = x - -451. Is g prime?
True
Let z = 55 - -284. Is z a prime number?
False
Let b = -13 - -7. Let q = -25 - b. Let p = -6 - q. Is p a prime number?
True
Suppose 0 = 5*z + 3*u - 25, -3*z + 3*u = -1 + 10. Suppose 3*f = 4*a + 908, 892 = f + z*f + 4*a. Suppose 0 = -w + f - 89. Is w a composite number?
False
Let o(z) = -2*z + 3. Let m be o(3). Let r = m + 0. Is (-542)/(-6) + (-2)/r composite?
True
Let a(w) = 10*w - 19. Is a(15) a composite number?
False
Let u = -60 + 100. Let y = u + 37. Is y a composite number?
True
Suppose -25 + 583 = 2*p - 2*x, -p + 5*x + 295 = 0. Suppose -l + p = 4*u, -3*u + 5*l = 2*l - 195. Suppose -120 = -4*g + u. Is g prime?
True
Let s = 8 - 6. Suppose -v - 4 = -3*b, 4*v - 2*b - s*b - 8 = 0. Suppose -5*i = -v*h + 25, -4*h - 2*i + 27 = -5. Is h a composite number?
False
Let m = -420